{"id":3226,"date":"2025-05-05T13:26:07","date_gmt":"2025-05-05T16:26:07","guid":{"rendered":"https:\/\/sincomerciariosararaquara.com.br\/home\/?page_id=3226"},"modified":"2025-05-05T13:51:06","modified_gmt":"2025-05-05T16:51:06","slug":"cct-sincodiv-fecomerciarios-2024-2025","status":"publish","type":"page","link":"https:\/\/sincomerciariosararaquara.com.br\/home\/cct-sincodiv-fecomerciarios-2024-2025\/","title":{"rendered":"CCT Sincodiv Fecomerci\u00e1rios 2024\/2025"},"content":{"rendered":"<p>[et_pb_section fb_built=&#8221;1&#8243; admin_label=&#8221;topo&#8221; _builder_version=&#8221;4.27.4&#8243; background_color=&#8221;#0c71c3&#8243; transparent_background=&#8221;off&#8221; make_fullwidth=&#8221;off&#8221; use_custom_width=&#8221;off&#8221; width_unit=&#8221;on&#8221; collapsed=&#8221;on&#8221; global_colors_info=&#8221;{}&#8221;][et_pb_row admin_label=&#8221;row&#8221; _builder_version=&#8221;4.16&#8243; background_size=&#8221;initial&#8221; background_position=&#8221;top_left&#8221; background_repeat=&#8221;repeat&#8221; global_colors_info=&#8221;{}&#8221;][et_pb_column type=&#8221;4_4&#8243; _builder_version=&#8221;4.16&#8243; custom_padding=&#8221;|||&#8221; global_colors_info=&#8221;{}&#8221; custom_padding__hover=&#8221;|||&#8221;][et_pb_text _builder_version=&#8221;4.27.4&#8243; background_size=&#8221;initial&#8221; background_position=&#8221;top_left&#8221; background_repeat=&#8221;repeat&#8221; background_layout=&#8221;dark&#8221; use_border_color=&#8221;off&#8221; border_color=&#8221;#ffffff&#8221; border_style=&#8221;solid&#8221; global_colors_info=&#8221;{}&#8221;]<\/p>\n<h2>Conven\u00e7\u00e3o Coletiva de Concession\u00e1ria de Ve\u00edculos: Fecomerci\u00e1rios x Sincodiv-SP\u2013 2024\/2025<\/h2>\n<p>[\/et_pb_text][\/et_pb_column][\/et_pb_row][\/et_pb_section][et_pb_section fb_built=&#8221;1&#8243; admin_label=&#8221;corpo&#8221; _builder_version=&#8221;4.27.4&#8243; collapsed=&#8221;on&#8221; global_colors_info=&#8221;{}&#8221;][et_pb_row _builder_version=&#8221;4.16&#8243; background_size=&#8221;initial&#8221; background_position=&#8221;top_left&#8221; background_repeat=&#8221;repeat&#8221; global_colors_info=&#8221;{}&#8221;][et_pb_column type=&#8221;4_4&#8243; _builder_version=&#8221;4.16&#8243; custom_padding=&#8221;|||&#8221; global_colors_info=&#8221;{}&#8221; custom_padding__hover=&#8221;|||&#8221;][et_pb_text _builder_version=&#8221;4.27.4&#8243; text_font_size=&#8221;15px&#8221; background_size=&#8221;initial&#8221; background_position=&#8221;top_left&#8221; background_repeat=&#8221;repeat&#8221; z_index_tablet=&#8221;500&#8243; text_text_shadow_horizontal_length_tablet=&#8221;0px&#8221; text_text_shadow_vertical_length_tablet=&#8221;0px&#8221; text_text_shadow_blur_strength_tablet=&#8221;1px&#8221; link_text_shadow_horizontal_length_tablet=&#8221;0px&#8221; link_text_shadow_vertical_length_tablet=&#8221;0px&#8221; link_text_shadow_blur_strength_tablet=&#8221;1px&#8221; ul_text_shadow_horizontal_length_tablet=&#8221;0px&#8221; ul_text_shadow_vertical_length_tablet=&#8221;0px&#8221; ul_text_shadow_blur_strength_tablet=&#8221;1px&#8221; ol_text_shadow_horizontal_length_tablet=&#8221;0px&#8221; ol_text_shadow_vertical_length_tablet=&#8221;0px&#8221; ol_text_shadow_blur_strength_tablet=&#8221;1px&#8221; quote_text_shadow_horizontal_length_tablet=&#8221;0px&#8221; quote_text_shadow_vertical_length_tablet=&#8221;0px&#8221; quote_text_shadow_blur_strength_tablet=&#8221;1px&#8221; header_text_shadow_horizontal_length_tablet=&#8221;0px&#8221; header_text_shadow_vertical_length_tablet=&#8221;0px&#8221; header_text_shadow_blur_strength_tablet=&#8221;1px&#8221; header_2_text_shadow_horizontal_length_tablet=&#8221;0px&#8221; header_2_text_shadow_vertical_length_tablet=&#8221;0px&#8221; header_2_text_shadow_blur_strength_tablet=&#8221;1px&#8221; header_3_text_shadow_horizontal_length_tablet=&#8221;0px&#8221; header_3_text_shadow_vertical_length_tablet=&#8221;0px&#8221; header_3_text_shadow_blur_strength_tablet=&#8221;1px&#8221; header_4_text_shadow_horizontal_length_tablet=&#8221;0px&#8221; header_4_text_shadow_vertical_length_tablet=&#8221;0px&#8221; header_4_text_shadow_blur_strength_tablet=&#8221;1px&#8221; header_5_text_shadow_horizontal_length_tablet=&#8221;0px&#8221; header_5_text_shadow_vertical_length_tablet=&#8221;0px&#8221; header_5_text_shadow_blur_strength_tablet=&#8221;1px&#8221; header_6_text_shadow_horizontal_length_tablet=&#8221;0px&#8221; header_6_text_shadow_vertical_length_tablet=&#8221;0px&#8221; header_6_text_shadow_blur_strength_tablet=&#8221;1px&#8221; box_shadow_horizontal_tablet=&#8221;0px&#8221; box_shadow_vertical_tablet=&#8221;0px&#8221; box_shadow_blur_tablet=&#8221;40px&#8221; box_shadow_spread_tablet=&#8221;0px&#8221; use_border_color=&#8221;off&#8221; global_colors_info=&#8221;{}&#8221;]<\/p>\n<p>Araraquara, 02 de maio de 2025<br \/>Conven\u00e7\u00e3o Coletiva de Concession\u00e1ria de Ve\u00edculos:<br \/>Fecomerci\u00e1rios x Sincodiv-SP\u2013 2024\/2025<\/p>\n<p><strong>Em aten\u00e7\u00e3o ao firmado na conven\u00e7\u00e3o coletiva de trabalho da categoria, v\u00e1lida para per\u00edodo 2024\/2025, servimo-nos do presente para fazer os seguintes esclarecimentos:<\/strong><\/p>\n<p>Pedimos a gentileza de se atentarem para a cl\u00e1usula 68, CONTRIBUI\u00c7\u00c3O ASSISTENCIAL, \u00e0 qual foram acrescentados os par\u00e1grafos 13, 14 e 15, consignando a proibi\u00e7\u00e3o por parte dos concession\u00e1rios e seus prepostos (gerentes, chefes e representantes) de qualquer forma de incentivo, interfer\u00eancia ou manifesta\u00e7\u00e3o direta ou indireta, fornecimento de meios de transporte, visando influenciar ou induzir seus empregados a apresenta\u00e7\u00e3o de carta de oposi\u00e7\u00e3o, caracterizando pr\u00e1tica antissindical e sob pena de multa de R$ 800,00 por empregado, nos termos especificados na referida cl\u00e1usula.<\/p>\n<p>Referida conven\u00e7\u00e3o, firmada a n\u00edvel estadual, dentre as cl\u00e1usulas acordadas, convencionou-se o desconto da contribui\u00e7\u00e3o assistencial (CL\u00c1USULA SEXAG\u00c9SIMA OITAVA &#8211; CONTRIBUI\u00c7\u00c3O ASSISTENCIAL DOS EMPREGADOS) no importe de at\u00e9 2% ao m\u00eas. Aprovado para o estado de S\u00e3o Paulo.<\/p>\n<p>Par\u00e1grafo 11 &#8211; As contribui\u00e7\u00f5es aqui previstas ficam subordinadas aos limites aprovados nas respectivas assembleias dos Sindicatos Signat\u00e1rios da presente norma.<\/p>\n<p>Nossa assembleia, no entanto, aprovou a contribui\u00e7\u00e3o assistencial somente 2x ao ano, com percentual 4% com a delibera\u00e7\u00e3o DE N\u00c3O HAVER desconto da contribui\u00e7\u00e3o mensal estadual.<\/p>\n<p>Para evitar d\u00favidas quanto ao recolhimento, resolvemos denominar o mesmo de:<\/p>\n<p>CONTRIBUI\u00c7\u00c3O ASSISTENCIAL DOS EMPREGADOS: 2 parcelas<\/p>\n<p>Percentual de 4% da remunera\u00e7\u00e3o do m\u00eas de MAIO de 2025, limitado a R$ 62,00 (sessenta e dois reais) e o recolhimento dever\u00e1 ser efetuado at\u00e9 o dia 15 de JUNHO de 2025, em guias GERADAS no SITE do sindicato.<\/p>\n<p>Da remunera\u00e7\u00e3o do m\u00eas de AGOSTO de 2025, ser\u00e1 descontada a contribui\u00e7\u00e3o de 4%, ao mesmo t\u00edtulo, respeitado o teto m\u00e1ximo, com recolhimento at\u00e9 o dia 15 do m\u00eas seguinte ao do desconto.<\/p>\n<p>REITERAMOS MAIS UMA VEZ, QUE N\u00c3O DEVER\u00c1 SER DESCONTADO DOS EMPREGADOS A CONTRIBUI\u00c7\u00c3O MENSAL.<\/p>\n<p>N\u00c3O APLICAR ESSE PARAGRAFO EM NOSSA BASE TERRITORIAL; Par\u00e1grafo 15 Considerando a data da assinatura da Conven\u00e7\u00e3o Coletiva, os descontos e recolhimentos das contribui\u00e7\u00f5es assistenciais dos empregados que n\u00e3o apresentarem oposi\u00e7\u00e3o, referente aos dos meses de outubro\/24, novembro\/24, dezembro\/24, janeiro\/25, fevereiro\/25, mar\u00e7o\/25 e abril\/25 ser\u00e3o realizadas em at\u00e9 3 (tr\u00eas) parcelas, sendo a primeira at\u00e9 o 5\u00ba dia \u00fatil de junho\/25, a segunda at\u00e9 o 5\u00ba dia \u00fatil de julho\/25 e a 3 parcela at\u00e9 o 5\u00ba dia \u00fatil de agosto\/25.<\/p>\n<p>[\/et_pb_text][\/et_pb_column][\/et_pb_row][\/et_pb_section][et_pb_section fb_built=&#8221;1&#8243; _builder_version=&#8221;4.27.4&#8243; _module_preset=&#8221;default&#8221; background_enable_color=&#8221;off&#8221; custom_padding=&#8221;||||true|true&#8221; global_colors_info=&#8221;{}&#8221;][et_pb_row column_structure=&#8221;1_2,1_2&#8243; _builder_version=&#8221;4.27.4&#8243; _module_preset=&#8221;default&#8221; custom_margin=&#8221;||60px||false|false&#8221; global_colors_info=&#8221;{}&#8221;][et_pb_column type=&#8221;1_2&#8243; _builder_version=&#8221;4.27.4&#8243; _module_preset=&#8221;default&#8221; global_colors_info=&#8221;{}&#8221;][et_pb_button button_url=&#8221;https:\/\/sincomerciariosararaquara.com.br\/home\/wp-content\/uploads\/2025\/05\/32-2025_-CCT-sincodiv-fecomerciarios-2024-2025.pdf&#8221; url_new_window=&#8221;on&#8221; button_text=&#8221;CCT Sincodiv Fecomerci\u00e1rios 2024\/2025&#8243; button_alignment=&#8221;center&#8221; _builder_version=&#8221;4.27.4&#8243; _module_preset=&#8221;default&#8221; global_colors_info=&#8221;{}&#8221;][\/et_pb_button][\/et_pb_column][et_pb_column type=&#8221;1_2&#8243; _builder_version=&#8221;4.27.4&#8243; _module_preset=&#8221;default&#8221; global_colors_info=&#8221;{}&#8221;][et_pb_button button_url=&#8221;https:\/\/sincomerciariosararaquara.com.br\/home\/wp-content\/uploads\/2025\/05\/Circular-Concessionarias-e-Distribuidores-de-Veiculos-Setembro-2024-2025.pdf&#8221; url_new_window=&#8221;on&#8221; button_text=&#8221;Circular CONTRIBUI\u00c7\u00c3O Concession\u00e1rias e Distribuidores de Ve\u00edculos Setembro 2024\/2025&#8243; button_alignment=&#8221;center&#8221; _builder_version=&#8221;4.27.4&#8243; _module_preset=&#8221;default&#8221; hover_enabled=&#8221;0&#8243; global_colors_info=&#8221;{}&#8221; sticky_enabled=&#8221;0&#8243;][\/et_pb_button][\/et_pb_column][\/et_pb_row][\/et_pb_section][et_pb_section fb_built=&#8221;1&#8243; inner_shadow=&#8221;on&#8221; _builder_version=&#8221;4.16&#8243; background_image=&#8221;https:\/\/sincomerciariosararaquara.com.br\/home\/wp-content\/uploads\/2017\/04\/bg3-1.jpg&#8221; parallax=&#8221;on&#8221; parallax_method=&#8221;off&#8221; transparent_background=&#8221;off&#8221; make_fullwidth=&#8221;off&#8221; use_custom_width=&#8221;off&#8221; width_unit=&#8221;on&#8221; global_module=&#8221;3223&#8243; collapsed=&#8221;on&#8221; global_colors_info=&#8221;{}&#8221;][et_pb_row column_structure=&#8221;1_2,1_2&#8243; _builder_version=&#8221;4.16&#8243; background_size=&#8221;initial&#8221; background_position=&#8221;top_left&#8221; background_repeat=&#8221;repeat&#8221; global_colors_info=&#8221;{}&#8221;][et_pb_column type=&#8221;1_2&#8243; _builder_version=&#8221;4.16&#8243; custom_padding=&#8221;|||&#8221; global_colors_info=&#8221;{}&#8221; custom_padding__hover=&#8221;|||&#8221;][et_pb_text _builder_version=&#8221;4.16&#8243; background_size=&#8221;initial&#8221; background_position=&#8221;top_left&#8221; background_repeat=&#8221;repeat&#8221; text_orientation=&#8221;center&#8221; background_layout=&#8221;dark&#8221; module_alignment=&#8221;center&#8221; use_border_color=&#8221;off&#8221; border_color=&#8221;#ffffff&#8221; border_style=&#8221;solid&#8221; global_colors_info=&#8221;{}&#8221;]<\/p>\n<h3>LOCALIZA\u00c7\u00c3O<\/h3>\n<p>[\/et_pb_text][et_pb_image src=&#8221;https:\/\/sincomerciariosararaquara.com.br\/home\/wp-content\/uploads\/2017\/04\/barra.png&#8221; align=&#8221;center&#8221; align_tablet=&#8221;center&#8221; align_phone=&#8221;&#8221; align_last_edited=&#8221;on|desktop&#8221; _builder_version=&#8221;4.16&#8243; animation_style=&#8221;slide&#8221; animation_direction=&#8221;left&#8221; animation_duration=&#8221;500ms&#8221; animation_intensity_slide=&#8221;10%&#8221; use_border_color=&#8221;off&#8221; border_color=&#8221;#ffffff&#8221; border_style=&#8221;solid&#8221; animation=&#8221;left&#8221; sticky=&#8221;off&#8221; always_center_on_mobile=&#8221;on&#8221; global_colors_info=&#8221;{}&#8221;][\/et_pb_image][et_pb_text _builder_version=&#8221;4.16&#8243; background_size=&#8221;initial&#8221; background_position=&#8221;top_left&#8221; background_repeat=&#8221;repeat&#8221; use_border_color=&#8221;off&#8221; border_color=&#8221;#ffffff&#8221; border_style=&#8221;solid&#8221; global_colors_info=&#8221;{}&#8221;]<\/p>\n<p>\n<iframe loading=\"lazy\" style=\"border: 0;\" src=\"https:\/\/www.google.com\/maps\/embed?pb=!1m18!1m12!1m3!1d3704.9465826938726!2d-48.169343284612445!3d-21.782328304190006!2m3!1f0!2f0!3f0!3m2!1i1024!2i768!4f13.1!3m3!1m2!1s0x94b8f157d5372b65%3A0xaf61f76769997af7!2sR.+Rui+Barbosa%2C+920+-+Vila+Xavier+(Vila+Xavier)%2C+Araraquara+-+SP!5e0!3m2!1spt-BR!2sbr!4v1491500357145\" width=\"600\" height=\"300\" frameborder=\"0\" allowfullscreen=\"allowfullscreen\"><\/iframe><\/p>\n<p>[\/et_pb_text][\/et_pb_column][et_pb_column type=&#8221;1_2&#8243; _builder_version=&#8221;4.16&#8243; custom_padding=&#8221;|||&#8221; global_colors_info=&#8221;{}&#8221; custom_padding__hover=&#8221;|||&#8221;][et_pb_text _builder_version=&#8221;4.16&#8243; background_size=&#8221;initial&#8221; background_position=&#8221;top_left&#8221; background_repeat=&#8221;repeat&#8221; text_orientation=&#8221;center&#8221; background_layout=&#8221;dark&#8221; module_alignment=&#8221;center&#8221; use_border_color=&#8221;off&#8221; border_color=&#8221;#ffffff&#8221; border_style=&#8221;solid&#8221; global_colors_info=&#8221;{}&#8221;]<\/p>\n<h3>CONTATO<\/h3>\n<p>[\/et_pb_text][et_pb_image src=&#8221;https:\/\/sincomerciariosararaquara.com.br\/home\/wp-content\/uploads\/2017\/04\/barra.png&#8221; align=&#8221;center&#8221; align_tablet=&#8221;center&#8221; align_phone=&#8221;&#8221; align_last_edited=&#8221;on|desktop&#8221; _builder_version=&#8221;4.16&#8243; animation_style=&#8221;slide&#8221; animation_direction=&#8221;left&#8221; animation_duration=&#8221;500ms&#8221; animation_intensity_slide=&#8221;10%&#8221; use_border_color=&#8221;off&#8221; border_color=&#8221;#ffffff&#8221; border_style=&#8221;solid&#8221; animation=&#8221;left&#8221; sticky=&#8221;off&#8221; always_center_on_mobile=&#8221;on&#8221; global_colors_info=&#8221;{}&#8221;][\/et_pb_image][et_pb_contact_form captcha=&#8221;off&#8221; email=&#8221;contato@secararaquara.com.br&#8221; _builder_version=&#8221;4.16&#8243; _unique_id=&#8221;80d68d08-c627-42b6-8c2e-728e06a9546b&#8221; border_radii=&#8221;on|0px|0px|0px|0px&#8221; border_width_all=&#8221;5px&#8221; border_color_all=&#8221;#191919&#8243; border_style_all=&#8221;solid&#8221; use_border_color=&#8221;on&#8221; border_color=&#8221;#191919&#8243; border_width=&#8221;5px&#8221; border_style=&#8221;solid&#8221; input_border_radius=&#8221;0&#8243; global_colors_info=&#8221;{}&#8221;][et_pb_contact_field field_id=&#8221;Name&#8221; field_title=&#8221;Nome&#8221; _builder_version=&#8221;4.16&#8243; global_colors_info=&#8221;{}&#8221; button_text_size__hover_enabled=&#8221;off&#8221; button_one_text_size__hover_enabled=&#8221;off&#8221; button_two_text_size__hover_enabled=&#8221;off&#8221; button_text_color__hover_enabled=&#8221;off&#8221; button_one_text_color__hover_enabled=&#8221;off&#8221; button_two_text_color__hover_enabled=&#8221;off&#8221; button_border_width__hover_enabled=&#8221;off&#8221; button_one_border_width__hover_enabled=&#8221;off&#8221; button_two_border_width__hover_enabled=&#8221;off&#8221; button_border_color__hover_enabled=&#8221;off&#8221; button_one_border_color__hover_enabled=&#8221;off&#8221; button_two_border_color__hover_enabled=&#8221;off&#8221; button_border_radius__hover_enabled=&#8221;off&#8221; button_one_border_radius__hover_enabled=&#8221;off&#8221; button_two_border_radius__hover_enabled=&#8221;off&#8221; button_letter_spacing__hover_enabled=&#8221;off&#8221; button_one_letter_spacing__hover_enabled=&#8221;off&#8221; button_two_letter_spacing__hover_enabled=&#8221;off&#8221; button_bg_color__hover_enabled=&#8221;off&#8221; button_one_bg_color__hover_enabled=&#8221;off&#8221; button_two_bg_color__hover_enabled=&#8221;off&#8221;][\/et_pb_contact_field][et_pb_contact_field field_id=&#8221;Email&#8221; field_title=&#8221;E-mail&#8221; field_type=&#8221;email&#8221; _builder_version=&#8221;4.16&#8243; global_colors_info=&#8221;{}&#8221; button_text_size__hover_enabled=&#8221;off&#8221; button_one_text_size__hover_enabled=&#8221;off&#8221; button_two_text_size__hover_enabled=&#8221;off&#8221; button_text_color__hover_enabled=&#8221;off&#8221; button_one_text_color__hover_enabled=&#8221;off&#8221; button_two_text_color__hover_enabled=&#8221;off&#8221; button_border_width__hover_enabled=&#8221;off&#8221; button_one_border_width__hover_enabled=&#8221;off&#8221; button_two_border_width__hover_enabled=&#8221;off&#8221; button_border_color__hover_enabled=&#8221;off&#8221; button_one_border_color__hover_enabled=&#8221;off&#8221; button_two_border_color__hover_enabled=&#8221;off&#8221; button_border_radius__hover_enabled=&#8221;off&#8221; button_one_border_radius__hover_enabled=&#8221;off&#8221; button_two_border_radius__hover_enabled=&#8221;off&#8221; button_letter_spacing__hover_enabled=&#8221;off&#8221; button_one_letter_spacing__hover_enabled=&#8221;off&#8221; button_two_letter_spacing__hover_enabled=&#8221;off&#8221; button_bg_color__hover_enabled=&#8221;off&#8221; button_one_bg_color__hover_enabled=&#8221;off&#8221; button_two_bg_color__hover_enabled=&#8221;off&#8221;][\/et_pb_contact_field][et_pb_contact_field field_id=&#8221;Message&#8221; field_title=&#8221;Mensagem&#8221; field_type=&#8221;text&#8221; fullwidth_field=&#8221;on&#8221; _builder_version=&#8221;4.16&#8243; global_colors_info=&#8221;{}&#8221; button_text_size__hover_enabled=&#8221;off&#8221; button_one_text_size__hover_enabled=&#8221;off&#8221; button_two_text_size__hover_enabled=&#8221;off&#8221; button_text_color__hover_enabled=&#8221;off&#8221; button_one_text_color__hover_enabled=&#8221;off&#8221; button_two_text_color__hover_enabled=&#8221;off&#8221; button_border_width__hover_enabled=&#8221;off&#8221; button_one_border_width__hover_enabled=&#8221;off&#8221; button_two_border_width__hover_enabled=&#8221;off&#8221; button_border_color__hover_enabled=&#8221;off&#8221; button_one_border_color__hover_enabled=&#8221;off&#8221; button_two_border_color__hover_enabled=&#8221;off&#8221; button_border_radius__hover_enabled=&#8221;off&#8221; button_one_border_radius__hover_enabled=&#8221;off&#8221; button_two_border_radius__hover_enabled=&#8221;off&#8221; button_letter_spacing__hover_enabled=&#8221;off&#8221; button_one_letter_spacing__hover_enabled=&#8221;off&#8221; button_two_letter_spacing__hover_enabled=&#8221;off&#8221; button_bg_color__hover_enabled=&#8221;off&#8221; button_one_bg_color__hover_enabled=&#8221;off&#8221; button_two_bg_color__hover_enabled=&#8221;off&#8221;][\/et_pb_contact_field][\/et_pb_contact_form][\/et_pb_column][\/et_pb_row][\/et_pb_section][et_pb_section fb_built=&#8221;1&#8243; _builder_version=&#8221;4.16&#8243; global_module=&#8221;3224&#8243; collapsed=&#8221;on&#8221; global_colors_info=&#8221;{}&#8221;][et_pb_row _builder_version=&#8221;4.16&#8243; global_colors_info=&#8221;{}&#8221;][et_pb_column type=&#8221;4_4&#8243; _builder_version=&#8221;4.16&#8243; global_colors_info=&#8221;{}&#8221;][et_pb_text _builder_version=&#8221;4.16&#8243; text_text_color=&#8221;#0c71c3&#8243; header_text_color=&#8221;#0c71c3&#8243; background_size=&#8221;initial&#8221; background_position=&#8221;top_left&#8221; background_repeat=&#8221;repeat&#8221; text_orientation=&#8221;center&#8221; background_layout=&#8221;dark&#8221; module_alignment=&#8221;center&#8221; use_border_color=&#8221;off&#8221; border_color=&#8221;#ffffff&#8221; border_style=&#8221;solid&#8221; global_colors_info=&#8221;{}&#8221;]<\/p>\n<h3><span style=\"color: #000080;\">Rua Ruy Barbosa, 920 &#8211;\u00a0Vila Xavier &#8211; Araraquara\/SP<\/span><\/h3>\n<h3><span style=\"color: #000080;\">Fone \/ Fax (016) 3397.4894 \/ 3397.4895 \/ 3397.4896 \/ 3397.4897<\/span><\/h3>\n<h3><span style=\"color: #000080;\">CEP: 14810-095<\/span><\/h3>\n<p>[\/et_pb_text][et_pb_image src=&#8221;https:\/\/sincomerciariosararaquara.com.br\/home\/wp-content\/uploads\/2017\/04\/barra.png&#8221; align=&#8221;center&#8221; align_tablet=&#8221;center&#8221; align_phone=&#8221;&#8221; align_last_edited=&#8221;on|desktop&#8221; _builder_version=&#8221;4.16&#8243; animation_style=&#8221;slide&#8221; animation_direction=&#8221;left&#8221; animation_duration=&#8221;500ms&#8221; animation_intensity_slide=&#8221;10%&#8221; use_border_color=&#8221;off&#8221; border_color=&#8221;#ffffff&#8221; border_style=&#8221;solid&#8221; animation=&#8221;left&#8221; sticky=&#8221;off&#8221; always_center_on_mobile=&#8221;on&#8221; global_colors_info=&#8221;{}&#8221;][\/et_pb_image][\/et_pb_column][\/et_pb_row][\/et_pb_section]<\/p>\n","protected":false},"excerpt":{"rendered":"<p>Conven\u00e7\u00e3o Coletiva de Concession\u00e1ria de Ve\u00edculos: Fecomerci\u00e1rios x Sincodiv-SP\u2013 2024\/2025Araraquara, 02 de maio de 2025Conven\u00e7\u00e3o Coletiva de Concession\u00e1ria de Ve\u00edculos:Fecomerci\u00e1rios x Sincodiv-SP\u2013 2024\/2025 Em aten\u00e7\u00e3o ao firmado na conven\u00e7\u00e3o coletiva de trabalho da categoria, v\u00e1lida para per\u00edodo 2024\/2025, servimo-nos do presente para fazer os seguintes esclarecimentos: Pedimos a gentileza de se atentarem para a cl\u00e1usula [&hellip;]<\/p>\n","protected":false},"author":1,"featured_media":0,"parent":0,"menu_order":0,"comment_status":"closed","ping_status":"closed","template":"","meta":{"_et_pb_use_builder":"on","_et_pb_old_content":"","_et_gb_content_width":"","footnotes":""},"class_list":["post-3226","page","type-page","status-publish","hentry"],"_links":{"self":[{"href":"https:\/\/sincomerciariosararaquara.com.br\/home\/wp-json\/wp\/v2\/pages\/3226","targetHints":{"allow":["GET"]}}],"collection":[{"href":"https:\/\/sincomerciariosararaquara.com.br\/home\/wp-json\/wp\/v2\/pages"}],"about":[{"href":"https:\/\/sincomerciariosararaquara.com.br\/home\/wp-json\/wp\/v2\/types\/page"}],"author":[{"embeddable":true,"href":"https:\/\/sincomerciariosararaquara.com.br\/home\/wp-json\/wp\/v2\/users\/1"}],"replies":[{"embeddable":true,"href":"https:\/\/sincomerciariosararaquara.com.br\/home\/wp-json\/wp\/v2\/comments?post=3226"}],"version-history":[{"count":15,"href":"https:\/\/sincomerciariosararaquara.com.br\/home\/wp-json\/wp\/v2\/pages\/3226\/revisions"}],"predecessor-version":[{"id":3265,"href":"https:\/\/sincomerciariosararaquara.com.br\/home\/wp-json\/wp\/v2\/pages\/3226\/revisions\/3265"}],"wp:attachment":[{"href":"https:\/\/sincomerciariosararaquara.com.br\/home\/wp-json\/wp\/v2\/media?parent=3226"}],"curies":[{"name":"wp","href":"https:\/\/api.w.org\/{rel}","templated":true}]}}